- 48. What is the tens digit of q?
2
Let q(t) = -21*t + 79. What is the tens digit of q(-10)?
8
Suppose 0 = -5*s + 10 + 5. Suppose s*i + i - 8 = 0. Suppose 3*o - i*h = 61, 3*o = -2*o - 4*h + 87. What is the units digit of o?
9
Suppose 2*f = 4*f. Suppose 4*p = -f*p + 56. What is the units digit of p?
4
Let a(i) = 10*i - 8. What is the tens digit of a(5)?
4
Let c(m) = 23*m**2 + 2*m - 5. What is the tens digit of c(-3)?
9
Suppose 3*g = -0*g + 423. What is the hundreds digit of g?
1
Suppose -5*o = 4 - 29. Suppose 2*i + 68 = 4*w, 20 = 3*w - o*i - 31. What is the units digit of w?
7
Suppose 990 = 4*i - 78. What is the hundreds digit of i?
2
Let f = -22 - -31. Suppose h - f = -2*h. What is the units digit of h?
3
Suppose -j + 3*k + 181 = 0, 3*k - 2*k + 779 = 4*j. What is the tens digit of j?
9
Suppose 0 = -w - 0*w + 9. Suppose -3*g + w = -2*g. Suppose -5*b - 39 = -4*k, -2*k + g = -3*b + 4*b. What is the units digit of k?
6
Let n(i) be the third derivative of i**5/60 + 3*i**4/8 + 5*i**3/6 - i**2. Let g be 62/(-7) + (-14)/98. What is the units digit of n(g)?
5
Suppose v - 184 = 126. What is the units digit of v?
0
Let j(i) = i**3 - 5*i**2 - 10*i. What is the hundreds digit of j(8)?
1
Let s(r) = r**3 + 5*r**2 + 3*r. Let x = 1 + -5. What is the units digit of s(x)?
4
Suppose 96 = -0*h + 3*h. What is the tens digit of h?
3
Suppose 76 = 4*x - 0*x. Let c = -8 + x. What is the units digit of c?
1
Let u(s) = -1 + 0 + 13*s + 4. Let v be u(3). Suppose 5*l - 2*y = -y + v, 0 = 2*l - 3*y - 22. What is the units digit of l?
8
Suppose 21 = -5*w - 59. What is the units digit of w/(((-8)/(-6))/(-4))?
8
Let g(c) = -c + 60. What is the units digit of g(0)?
0
Let v(b) = -b**3 - 2*b**2 + 5*b + 4. Let c be v(-3). Let r(y) = 3*y - 15. Let f be r(6). Let j = f + c. What is the units digit of j?
1
Let r = -56 - -121. What is the tens digit of r?
6
Suppose 0 = -u + 5*u - 12. Let i(m) = -m**2 + 5*m - 1. Let f be i(u). Suppose f*s - 20 = -5*w, -5*s - 6 = 2*w - 26. What is the units digit of s?
4
Suppose -4*x = -x. Suppose 0 = -a - x*a + 7. What is the units digit of a?
7
Let p(w) = 5*w - 10. Let t be p(-7). What is the units digit of t/(-12)*2*2?
5
Let s = 10 + -4. Suppose 2*g = -3*q - q - s, 15 = -5*g. Suppose 2*c - 2 = -q. What is the units digit of c?
1
Let h be -2*(-23 + (-1 - -1)). Suppose -3*v + 4*l + h = 0, -v + l + 1 = -13. What is the units digit of v?
0
Let t be 0/(-1) + (-1 - -1). Suppose 3 = -b - t*b. Let l = b - -6. What is the units digit of l?
3
Let g be (304/(-40))/((-1)/10). Let t = g + -27. What is the units digit of t?
9
Suppose x + 2*x = 57. Suppose 0 = 5*r - 4*r - x. Let h = 27 - r. What is the units digit of h?
8
Suppose 2*r - r = 40. Suppose g - 5*g - 5 = -5*z, -3*z = 5*g - r. What is the units digit of g?
5
Suppose 4*y + 12 = 7*y. What is the units digit of y?
4
Let q(i) = -5*i. Let h be q(-1). Let d = 5 + h. What is the units digit of d?
0
Let z = 13 + 10. What is the units digit of z?
3
Suppose 0 = 4*v - 3*w - 14, 6*v - 2*w = 3*v + 10. What is the units digit of -2*(-1 - 2) + v?
8
Let m(x) = x**2. Let r be m(2). Suppose 0 = -r*t + 11 + 1. Suppose -z + q + 7 = 0, t*z - 2*z = -3*q + 19. What is the units digit of z?
0
Suppose 3*y + 2*g - 7 - 7 = 0, -2*y + 18 = -3*g. Let c be 4/(-12) - (-152)/y. Suppose 4*i + 15 = 4*t - 5, -4*t = i - c. What is the units digit of t?
6
Let j be -27 - 2 - (0 + -1). What is the units digit of (-10)/(-25) + j/(-5)?
6
Let f(l) be the first derivative of -l**3/3 + l**2/2 - 3. Let a be f(0). Let b = a - -10. What is the tens digit of b?
1
Let i(y) = -y**2 - 13*y - 13. Suppose -2*g + 4*g + 16 = 0. What is the units digit of i(g)?
7
Suppose 3*s = -0*s + j + 8, 13 = 3*s + 4*j. Suppose s*a - 120 = -2*a - 5*g, -3*a + 2*g + 82 = 0. What is the units digit of a?
6
Suppose 3*o + b - 3 = 0, o + 2*b = -2*o + 6. Suppose o = 2*w + 4*t + 34, 0*t + 23 = -w + t. Let m = 30 + w. What is the units digit of m?
9
Let t(c) = 13*c**2 - 15*c - 9. What is the tens digit of t(6)?
6
Suppose 0 = 2*m + 2, t - 3*m = 5 + 2. Suppose t*n - l + 0*l = 165, 110 = 3*n + 2*l. Suppose -3*z - 3*f = -6*f, 5*z - n = -3*f. What is the units digit of z?
5
Suppose -12 = 3*n - 3. Let s be -1*n/(-2 + 3). Suppose 0 = 6*o - 3*o + 4*w + 2, 0 = -5*o + s*w + 16. What is the units digit of o?
2
Suppose 549 = -0*j + 3*j. What is the units digit of j?
3
Suppose 0 = -2*l + 5 + 5. Suppose h = 3*p + 37, -h + 0*p + 61 = l*p. What is the units digit of h?
6
What is the tens digit of (-90)/(-1) - (-5 + 2)?
9
Let f(a) = 6*a**2 - 1. Suppose 0 = -2*i + i + 1. What is the units digit of f(i)?
5
Let c(y) = -y**2 + 4*y - 6. Let n be c(4). Let w be n*3/6*-1. Let r = -1 + w. What is the units digit of r?
2
Let o(l) = 3*l**2 + 7*l + 6. What is the tens digit of o(-4)?
2
Let b = 23 - 14. Let q(c) be the second derivative of -c**4/12 + 11*c**3/6 - 4*c**2 - 3*c. What is the tens digit of q(b)?
1
Let v = -55 + 143. What is the tens digit of v?
8
Let w(p) = p**2 - 15*p - 12. Let a be w(12). What is the units digit of (a - -2)/(-2*1)?
3
Let d(i) = 0*i - 111*i**2 - i**3 + 6*i + 106*i**2 + 8. What is the units digit of d(-6)?
8
Let s be (-1)/(-2)*(44 + -8). Suppose s = -5*z + 98. What is the tens digit of z?
1
Let a(z) = -z**3 - z - 1. Let h(s) = -13*s**3 - 5*s - 6. Let w(x) = -6*a(x) + h(x). What is the units digit of w(-1)?
6
Let s(x) = -2*x - 1. Let z = -10 + 19. Let t = z - 13. What is the units digit of s(t)?
7
Suppose -5*k = -3*j + 241, -4*j + j = k - 211. What is the units digit of j?
2
What is the units digit of -3 + 26/(4/2)?
0
Let z = 15 - -32. What is the units digit of z?
7
Suppose 2*d + 3*p - 2 = -3, p - 13 = -4*d. Suppose -14 = -d*n + 14. Suppose 4*z - 45 - n = 0. What is the units digit of z?
3
Suppose 4*r - 16 = -4*y, -4*r + 20 = r - y. What is the units digit of -2 - (-2)/(r/10)?
3
Suppose 0 = -7*n + 12*n - 25. What is the units digit of n?
5
Suppose 3*z - 8*z = -120. What is the units digit of 4/z - (-586)/12?
9
Suppose -9*t + 60 = -7*t. What is the tens digit of t?
3
Let c = 8 + -1. Suppose -z + c + 7 = 0. What is the units digit of z?
4
Suppose 406 = -104*u + 106*u. What is the units digit of u?
3
Let v(y) = -3*y. Let r be v(1). Let n(h) = 2*h**2 - 3*h - 5. What is the tens digit of n(r)?
2
Suppose r - 3*k = 8, 0 = -4*r + 3*k - 0*k + 14. Let p = 24 - 16. What is the units digit of p + 0 + (-4)/r?
6
Let k = 41 + -47. Let n(p) = p**3 - p**2 - p - 1. Let v be n(2). What is the units digit of k/(-1) - v/(-1)?
7
Let z(l) = -2*l - 8. Let m be z(-6). Suppose 0 = m*c - 48 - 12. What is the tens digit of c?
1
Let l(x) = 3*x + 16. What is the tens digit of l(10)?
4
Let a(i) be the second derivative of i**3/6 - 9*i**2/2 - 2*i. Let x be a(12). Suppose p + 0*p - 59 = -x*t, -t - 4*p = -5. What is the units digit of t?
1
Suppose -4*y + 431 + 197 = 0. What is the tens digit of y?
5
Let y = -14 - -17. Suppose y*j = -j - 3*w + 69, 5*w + 5 = 0. What is the tens digit of j?
1
Suppose 5 = -2*q + 3*q. Suppose -4*f + 3*d + 8 = -5, 3*d + 4 = -q*f. Suppose s = 6 - f. What is the units digit of s?
5
Let h = -7 + 10. Let c be (h - 1)/4*0. Suppose -26 = -2*v + 4*o, c*o = -2*v + 2*o + 24. What is the tens digit of v?
1
Let h be (37 + 3)*8/(-5). Let d = -114 - h. What is the tens digit of d/4*(-12)/15?
1
Let k = -9 - -6. What is the tens digit of -10*2/(k - -1)?
1
Suppose 4*p - u - 1059 = 0, 685 = 3*p + 3*u - 98. What is the hundreds digit of p?
2
What is the tens digit of ((-120)/14)/((-13)/91)?
6
What is the hundreds digit of 2 + ((-1)/(-3))/(1/471)?
1
What is the units digit of -1 - -3 - (-3 - 5)?
0
Suppose -4*d = 7*v - 3*v, 5*v - 5*d = 30. What is the units digit of (v - -2)*(4 + -2)?
0
Suppose 2*m - 5*v - 55 = 0, 2*v - 3*v = -4*m + 119. What is the units digit of m?
0
Let x = 46 + -21. Suppose 3*m + v = 3*v + x, 3 = -m - 5*v. What is the units digit of m?
7
Suppose 0 = 4*z - 2*z. Suppose 3*x - x - 42 = z. What is the tens digit of x?
2
Let z = -3 + 6. Suppose w + 0*w = z. Suppose -23 = -5*k - 3*m, 5*m + 8 = w*k - 33. What is the units digit of k?
7
Suppose -191 - 229 = -5*u. Suppose 0 = 5*o - u - 31. What is the tens digit of o?
2
Suppose 3*d = 5*d. Let v = 5 + d. What is the units digit of v?
5
Suppose -5*q = 38 - 168. What is the units digit of q?
6
Let w(m) = 0 + 0*m**2 + 10 - 7*m + m**2 - 2. Suppose 